base 12, what is 109657370 + -5?
109657367
In base 7, what is 5 - 235344300?
-235344262
In base 11, what is 27 + -5987541?
-5987515
In base 5, what is 1114 + -1021104?
-1014440
In base 6, what is -130032 + -421?
-130453
In base 7, what is -415631 + -13?
-415644
In base 11, what is -6a7a7a + 2?
-6a7a78
In base 6, what is 4341 + 3101220?
3110001
In base 13, what is -ca9 - 5872?
-684b
In base 2, what is -10000101001111100101010001 + 1?
-10000101001111100101010000
In base 14, what is -d4d321 + 3?
-d4d31c
In base 5, what is 4031102141 - -1?
4031102142
In base 14, what is 155028a + 0?
155028a
In base 2, what is 1000 + -1110001001000111110011?
-1110001001000111101011
In base 13, what is -5 - -48c22c9?
48c22c4
In base 8, what is 61 - -1144423?
1144504
In base 11, what is 4 + 11740617?
11740620
In base 15, what is 34794 + -a1?
346e3
In base 6, what is -55 - 2254353?
-2254452
In base 5, what is -103120331 + 13030?
-103102301
In base 3, what is -12201222112121100 + -12?
-12201222112121112
In base 16, what is -29063 + -211?
-29274
In base 5, what is 1011103 - 2140?
1003413
In base 16, what is -64691 - 371?
-64a02
In base 16, what is -3c25c1 - 2?
-3c25c3
In base 5, what is 10 - 102212113233?
-102212113223
In base 9, what is 2 - -3548583?
3548585
In base 15, what is -6 + -d28195?
-d2819b
In base 12, what is -a - -215b70?
215b62
In base 7, what is -21404 + -3536?
-25243
In base 6, what is 2154514 - -433?
2155351
In base 2, what is 1 + 111010010001000011011?
111010010001000011100
In base 11, what is -4 + -36837007?
-36837010
In base 11, what is -2114753 + -2?
-2114755
In base 11, what is 9 - -112995?
1129a3
In base 9, what is -654603 + 7?
-654585
In base 14, what is -53a00511 - -2?
-53a0050d
In base 8, what is -241110 - -461?
-240427
In base 11, what is 3 - -4673923?
4673926
In base 16, what is 3c - 61118?
-610dc
In base 16, what is 26c619e + -9?
26c6195
In base 16, what is 5b2927 - -14?
5b293b
In base 15, what is -4 - -120b09?
120b05
In base 7, what is 46554604 + 113?
46555020
In base 15, what is -1a03ea - -2?
-1a03e8
In base 9, what is -11 - 2226216?
-2226227
In base 7, what is 342 + 12513?
13155
In base 7, what is 10 + 3646625?
3646635
In base 4, what is 1011131101 + 3022?
1011200123
In base 7, what is 24232566 + -4?
24232562
In base 11, what is -29 - 345048?
-345076
In base 5, what is -241030 + 134420?
-101110
In base 12, what is -5578895 - 3?
-5578898
In base 14, what is -c - 4871a7?
-4871b5
In base 6, what is 15105 - -25301?
44410
In base 5, what is 11 + -24101413431?
-24101413420
In base 11, what is -2152 + 14294?
12142
In base 7, what is -412162522 + 0?
-412162522
In base 9, what is 233 - 15657?
-15424
In base 11, what is -11 + 6759a9?
675998
In base 9, what is -43 + -35451722?
-35451765
In base 10, what is 2365276 + -28?
2365248
In base 2, what is 101 + -1010011010000010101000110110?
-1010011010000010101000110001
In base 13, what is 92a5b46 + -3?
92a5b43
In base 4, what is 300311003 - 10321?
300300022
In base 9, what is 1 - -14802?
14803
In base 14, what is 98 - -13a33?
13acb
In base 7, what is -50300 + -5605?
-56205
In base 5, what is -210 + 3400122?
3344412
In base 2, what is 1000001110000011001011000 + -11?
1000001110000011001010101
In base 16, what is d6e8 + 57?
d73f
In base 12, what is 4 + 4b2607?
4b260b
In base 3, what is -20112011 - 2020220?
-22210001
In base 11, what is 53 + -280263?
-280210
In base 5, what is -30300 + -10102?
-40402
In base 12, what is -12624 + 446?
-1219a
In base 16, what is -124f - 1dc2?
-3011
In base 4, what is -22232 - 31103?
-120001
In base 4, what is 222220 + -3313100?
-3030220
In base 2, what is 1000011111111100101110 - 100?
1000011111111100101010
In base 13, what is 1 - 9300b3?
-9300b2
In base 13, what is -435c6ccb + -2?
-435c7000
In base 11, what is -67942 - -3045?
-648a8
In base 13, what is 1073 + -30bb?
-2048
In base 10, what is 3 + 6955232?
6955235
In base 10, what is -58 - 22821?
-22879
In base 11, what is -3 - -3081657?
3081654
In base 4, what is 10222021 + -2021331?
2200030
In base 9, what is 168 - -4888246?
4888425
In base 5, what is -4 - 414033110?
-414033114
In base 13, what is 213061b + -a?
2130611
In base 11, what is -1a559 - -31?
-1a528
In base 4, what is -121201133 - 323102?
-122130301
In base 14, what is 12911 + 213?
12b24
In base 10, what is -3144 + -271012?
-274156
In base 9, what is 11 - 6142477?
-6142466
In base 2, what is 1010 + 101010010100100010100?
101010010100100011110
In base 12, what is -38b3960 - -1?
-38b395b
In base 2, what is -11111000000 + -11001101011110?
-11101100011110
In base 9, what is 0 + 36275051?
36275051
In base 14, what is 616 - -c88?
14a0
In base 4, what is 1103331232 - -1?
1103331233
In base 7, what is -11521033 - 36?
-11521102
In base 10, what is -2347038 - 64?
-2347102
In base 2, what is -1010011 - -100001001101100110011?
100001001101011100000
In base 4, what is 1101 - -300103223?
300110330
In base 3, what is 212111122200 + -11?
212111122112
In base 6, what is -42443 + 10403?
-32040
In base 15, what is 1 - 5b4711?
-5b4710
In base 10, what is -5671 - 11279?
-16950
In base 4, what is 0 + -11011212?
-11011212
In base 12, what is 321b + 14b?
336a
In base 10, what is -11148965 - -28?
-11148937
In base 16, what is 6de700 + -4?
6de6fc
In base 10, what is 4 - 424036?
-424032
In base 14, what is -b37768 - 5?
-b3776d
In base 15, what is -5 - 126db75?
-126db7a
In base 2, what is -100001010111001 - 101111?
-100001011101000
In base 10, what is 56 - -249854?
249910
In base 2, what is -10011 - 11010111100100011?
-11010111100110110
In base 15, what is 2 + -85ea0d4?
-85ea0d2
In base 10, what is -3143521 + -61?
-3143582
In base 9, what is -12 - 14610457?
-14610470
In base 12, what is -1318b - -a2?
-130a9
In base 16, what is -25 + -18aa?
-18cf
In base 2, what is -10001 - 100011101110111011?
-100011101111001100
In base 10, what is 17400216 + 5?
17400221
In base 8, what is 2 - -202005064?
202005066
In base 12, what is 17136b6 + 5?
17136bb
In base 9, what is -4 + 3015657?
3015653
In base 7, what is -620154043 - -2?
-620154041
In base 14, what is 1d1 - 8c10?
-8a1d
In base 7, what is 1662323 - 6262?
1653031
In base 2, what is -101011000110 - -100001010101010?
11011111100100
In base 8, what is -101 + -75161?
-75262
In base 16, what is 28a08 - -27a?
28c82
In base 13, what is 89 - 13b25?
-13a69
In base 9, what is 1 - -33771088?
33771100
In base 5, what is 4440104313 + 103?
4440104421
In base 7, what is -4036 - -14443?
10404
In base 4, what is 312223332 - 1230?
312222102
In base 9, what is 1002087 + -8?
1002078
In base 10, what is 45868 + 1203?
47071
In base 2, what is -11001001 + 1100011000111101101100?
1100011000111010100011
In base 3, what is 1020110221111 - -11?
1020110221122
In base 10, what is -35 + -996981?
-997016
In base 3, what is 2111022020201010 + 21?
2111022020201101
In base 3, what is -20202102010002011 - -2?
-20202102010002002
In base 4, what is -210033 - 330022?
-1200121
In base 11, what is -715 - -1a140?
19526
In base 12, what is -3b7b + -2218b?
-2614a
In base 6, what is -12505014502 + -5?
-12505014511
In base 9, what is 430482 + -28?
430453
In base 12, what is -1a70673 - -1a?
-1a70655
In base 7, what is -201423445 + -15?
-201423463
In base 15, what is 7 + 16b1e62?
16b1e69
In base 4, what is 32310 - 33012010?
-32313100
In base 14, what is -37117 + c7?
-37030
In base 11, what is 200a - 1552?
568
In base 10, what is 86 - -2869435?
2869521
In base 7, what is 231 + -1042226?
-1041665
In base 2, what is -10000111011100010000 - -111010?
-10000111011011010110
In base 14, what is 37cb7 + -5?
37cb2
In base 11, what is 234363 - 44?
23431a
In base 10, what is -4 - 9603913?
-9603917
In base 2, what is -1110011100 - 101010011000101?
-101100001100001
In base 3, what is 12 - 1002112211212100?
-1002112211212011
In base 14, what is -371 - 6ba3?
-7134
In base 9, what is -261230022 + -5?
-261230027
In base 9, what is -357147883 + -5?
-357147888
In base 9, what is -4 - -113820041?
113820036
In base 4, what is 2321202 + -13223?
2301313
In base 15, what is d2cb1 - -13?
d2cc4
In base 8, what is -326314354 + 11?
-326314343
In base 12, what is 4 - 30997430?
-30997428
In base 16, what is a7da + 188?
a962
In base 5, what is 10014 + -12104?
-2040
In base 5, what is -243323313 - 0?
-243323313
In base 2, what